{"id":13,"date":"2021-06-13T07:12:34","date_gmt":"2021-06-13T05:12:34","guid":{"rendered":"https:\/\/lieferanten-liste.de\/bahn\/?page_id=13"},"modified":"2021-08-05T14:56:47","modified_gmt":"2021-08-05T12:56:47","slug":"kontakt","status":"publish","type":"page","link":"https:\/\/lieferanten-liste.de\/bahn\/kontakt\/","title":{"rendered":"KONTAKT"},"content":{"rendered":"<p style=\"text-align: right;\"><span style=\"color: #ffffff;\">.<\/span><\/p>\n<p style=\"text-align: right;\"><span style=\"color: #ffffff;\"><img decoding=\"async\" loading=\"lazy\" class=\"aligncenter\" src=\"https:\/\/technik-netzwerk.de\/fileserver-zentrale\/www-institut-fuer-verbaendeberatung-de\/ifv-logos\/ifv-institut-1000.png\" width=\"600\" height=\"582\" \/>.<\/span><\/p>\n<hr \/>\n<p style=\"text-align: right;\"><span style=\"color: #ffffff;\">.<\/span><\/p>\n<p>&nbsp;<\/p>\n<p style=\"text-align: right;\"><span style=\"color: #ffffff;\">.<\/span><\/p>\n<div class=\"art-postcontent clearfix\">\n<div class=\"art-postmetadataheader\">\n<h3 class=\"art-postheader entry-title\">Ansprechpartner \/ Kontakt &gt;&gt;&gt; LIEFERANTEN-LISTE.de<\/h3>\n<\/div>\n<p style=\"text-align: right;\"><span style=\"color: #ffffff;\">.<\/span><\/p>\n<div class=\"art-postcontent clearfix\">\n<div class=\"art-postcontent clearfix\">\n<p>&nbsp;<\/p>\n<div class=\"insert-page insert-page-94 \" data-post-id=\"94\">\n<div class=\"art-postcontent clearfix\">\n<div class=\"art-postcontent clearfix\">\n<div class=\"art-postcontent clearfix\">\n<div class=\"art-postcontent clearfix\">\n<h2>Gesch\u00e4ftsf\u00fchrer \/ Vereinsgesch\u00e4ftsf\u00fchrer:<\/h2>\n<p><img decoding=\"async\" src=\"https:\/\/technik-netzwerk.de\/fileserver-zentrale\/www-lieferanten-liste-de\/fileserver-lieferanten-liste-de\/schulz600px.jpg\" \/><\/p>\n<p><strong>Diplom-Volkswirt E. SCHULZ\u00a0<\/strong><\/p>\n<p>* Vereinsgesch\u00e4ftsf\u00fchrer \/ CEO<\/p>\n<p>* Interdisziplin\u00e4rer Forschungsverbund Bahntechnik e.V.<\/p>\n<p>* Kompetenznetz-Manager sowie Arbeitskreis-Koordinator<\/p>\n<p>* Zust\u00e4ndig f\u00fcr &gt;&gt;&gt;\u00a0<em><strong>Allgemeine Anfragen zum Bahntechnik-Netzwerk &amp; Inhaltliche Koordination (insbesondere von Arbeitskreisen, Thinktanks sowie von Forschungsprojekten)<\/strong><\/em><\/p>\n<p>* Herausgeber der Schriftenreihe BAHNTECHNIK AKTUELL<\/p>\n<p>* Telefon der Vereinsgesch\u00e4ftsstelle \/ Sekretariat : <strong>030 39720171<\/strong><\/p>\n<p>* B\u00fcro Berlin: 030 81898731<\/p>\n<p>* B\u00fcro Rhein-Main: 06135 3127<\/p>\n<p>* B\u00fcro N\u00fcrnberg: 0911 209112<\/p>\n<p>* Mobil: 0176 70094803<\/p>\n<p>* E-Mail: schulz@ifv-bahntechnik.de<\/p>\n<\/div>\n<\/div>\n<\/div>\n<\/div>\n<p>&nbsp;<\/p>\n<\/div>\n<p>&nbsp;<\/p>\n<p style=\"text-align: right;\"><span style=\"color: #ffffff;\">.<\/span><\/p>\n<hr \/>\n<p style=\"text-align: right;\"><span style=\"color: #ffffff;\">.<\/span><\/p>\n<p>&nbsp;<\/p>\n<div class=\"insert-page insert-page-96 \" data-post-id=\"96\">\n<div class=\"art-postcontent clearfix\">\n<div class=\"art-postcontent clearfix\">\n<div class=\"art-postcontent clearfix\">\n<div class=\"art-postcontent clearfix\">\n<h2>Tagungsmanagement \/ Content Management:<\/h2>\n<p><img decoding=\"async\" class=\"lazy-loaded\" src=\"https:\/\/www.railway-network.eu\/fileserver\/personenfotos\/ifv-tagungsmanagement600px.png\" data-lazy-type=\"image\" data-src=\"https:\/\/www.railway-network.eu\/fileserver\/personenfotos\/ifv-tagungsmanagement600px.png\" \/><\/p>\n<p><strong>Frau<\/strong>\u00a0<strong>J. HEYER<\/strong><\/p>\n<p>* Gepr\u00fcfte Veranstaltungsfachwirtin \/ Bachelor Professional of Event Organisation, CCI<\/p>\n<p>* Gesch\u00e4ftsbereichsleiterin f\u00fcr Tagungen &amp; Events (Head of Event-Management)<\/p>\n<p>* Projektmanagerin f\u00fcr Digitale Events (seit 06\/2020)<\/p>\n<p>* Hygienebeauftragte f\u00fcr die Veranstaltungswirtschaft (seit 05\/2021)<\/p>\n<p>* Kooperationsmanagement IFV Beratung und Service GmbH \u2013 Bahntechnik-Netzwerk.de sowie Technik-Netzwerk.de<\/p>\n<p>* Zust\u00e4ndig f\u00fcr <strong><em>Veranstaltungsorganisation,\u00a0<\/em><\/strong><em><strong>Teilnehmer, Lieferanten, Dienstleister, Sponsoren und Aussteller <\/strong><\/em><\/p>\n<p>* Telefon:\u00a0<strong>030 39720172<\/strong><\/p>\n<p>* E-Mail:\u00a0<a href=\"mailto:tagung@ifv-bahntechnik.de\">tagung@ifv-bahntechnik.de<\/a><\/p>\n<p>&nbsp;<\/p>\n<\/div>\n<\/div>\n<\/div>\n<\/div>\n<\/div>\n<p>&nbsp;<\/p>\n<\/div>\n<\/div>\n<p style=\"text-align: right;\"><span style=\"color: #ffffff;\">.<\/span><\/p>\n<hr \/>\n<p>&nbsp;<\/p>\n<p>&nbsp;<\/p>\n<\/div>\n<p>.<\/p>\n","protected":false},"excerpt":{"rendered":"<p>. . . &nbsp; . Ansprechpartner \/ Kontakt &gt;&gt;&gt; LIEFERANTEN-LISTE.de . &nbsp; Gesch\u00e4ftsf\u00fchrer \/ Vereinsgesch\u00e4ftsf\u00fchrer: Diplom-Volkswirt E. SCHULZ\u00a0 * Vereinsgesch\u00e4ftsf\u00fchrer \/ CEO * Interdisziplin\u00e4rer Forschungsverbund Bahntechnik e.V. * Kompetenznetz-Manager sowie Arbeitskreis-Koordinator * Zust\u00e4ndig f\u00fcr &gt;&gt;&gt;\u00a0Allgemeine Anfragen zum Bahntechnik-Netzwerk &amp; Inhaltliche Koordination (insbesondere von Arbeitskreisen, Thinktanks sowie von Forschungsprojekten) * Herausgeber der Schriftenreihe BAHNTECHNIK AKTUELL * [&hellip;]<\/p>\n","protected":false},"author":1,"featured_media":0,"parent":0,"menu_order":0,"comment_status":"closed","ping_status":"closed","template":"","meta":[],"categories":[],"tags":[],"_links":{"self":[{"href":"https:\/\/lieferanten-liste.de\/bahn\/wp-json\/wp\/v2\/pages\/13"}],"collection":[{"href":"https:\/\/lieferanten-liste.de\/bahn\/wp-json\/wp\/v2\/pages"}],"about":[{"href":"https:\/\/lieferanten-liste.de\/bahn\/wp-json\/wp\/v2\/types\/page"}],"author":[{"embeddable":true,"href":"https:\/\/lieferanten-liste.de\/bahn\/wp-json\/wp\/v2\/users\/1"}],"replies":[{"embeddable":true,"href":"https:\/\/lieferanten-liste.de\/bahn\/wp-json\/wp\/v2\/comments?post=13"}],"version-history":[{"count":8,"href":"https:\/\/lieferanten-liste.de\/bahn\/wp-json\/wp\/v2\/pages\/13\/revisions"}],"predecessor-version":[{"id":47,"href":"https:\/\/lieferanten-liste.de\/bahn\/wp-json\/wp\/v2\/pages\/13\/revisions\/47"}],"wp:attachment":[{"href":"https:\/\/lieferanten-liste.de\/bahn\/wp-json\/wp\/v2\/media?parent=13"}],"wp:term":[{"taxonomy":"category","embeddable":true,"href":"https:\/\/lieferanten-liste.de\/bahn\/wp-json\/wp\/v2\/categories?post=13"},{"taxonomy":"post_tag","embeddable":true,"href":"https:\/\/lieferanten-liste.de\/bahn\/wp-json\/wp\/v2\/tags?post=13"}],"curies":[{"name":"wp","href":"https:\/\/api.w.org\/{rel}","templated":true}]}}

<p style="text-align: right;"><span style="color: #ffffff;">.</span></p>
<p style="text-align: right;"><span style="color: #ffffff;"><img decoding="async" loading="lazy" class="aligncenter" src="https://technik-netzwerk.de/fileserver-zentrale/www-institut-fuer-verbaendeberatung-de/ifv-logos/ifv-institut-1000.png" width="600" height="582" />.</span></p>
<hr />
<p style="text-align: right;"><span style="color: #ffffff;">.</span></p>
<p>&nbsp;</p>
<p style="text-align: right;"><span style="color: #ffffff;">.</span></p>
<div class="art-postcontent clearfix">
<div class="art-postmetadataheader">
<h3 class="art-postheader entry-title">Ansprechpartner / Kontakt &gt;&gt;&gt; LIEFERANTEN-LISTE.de</h3>
</div>
<p style="text-align: right;"><span style="color: #ffffff;">.</span></p>
<div class="art-postcontent clearfix">
<div class="art-postcontent clearfix">
<p>&nbsp;</p>
<div class="insert-page insert-page-94 " data-post-id="94">
<div class="art-postcontent clearfix">
<div class="art-postcontent clearfix">
<div class="art-postcontent clearfix">
<div class="art-postcontent clearfix">
<h2>Geschäftsführer / Vereinsgeschäftsführer:</h2>
<p><img decoding="async" src="https://technik-netzwerk.de/fileserver-zentrale/www-lieferanten-liste-de/fileserver-lieferanten-liste-de/schulz600px.jpg" /></p>
<p><strong>Diplom-Volkswirt E. SCHULZ </strong></p>
<p>* Vereinsgeschäftsführer / CEO</p>
<p>* Interdisziplinärer Forschungsverbund Bahntechnik e.V.</p>
<p>* Kompetenznetz-Manager sowie Arbeitskreis-Koordinator</p>
<p>* Zuständig für &gt;&gt;&gt; <em><strong>Allgemeine Anfragen zum Bahntechnik-Netzwerk &amp; Inhaltliche Koordination (insbesondere von Arbeitskreisen, Thinktanks sowie von Forschungsprojekten)</strong></em></p>
<p>* Herausgeber der Schriftenreihe BAHNTECHNIK AKTUELL</p>
<p>* Telefon der Vereinsgeschäftsstelle / Sekretariat : <strong>030 39720171</strong></p>
<p>* Büro Berlin: 030 81898731</p>
<p>* Büro Rhein-Main: 06135 3127</p>
<p>* Büro Nürnberg: 0911 209112</p>
<p>* Mobil: 0176 70094803</p>
<p>* E-Mail: schulz@ifv-bahntechnik.de</p>
</div>
</div>
</div>
</div>
<p>&nbsp;</p>
</div>
<p>&nbsp;</p>
<p style="text-align: right;"><span style="color: #ffffff;">.</span></p>
<hr />
<p style="text-align: right;"><span style="color: #ffffff;">.</span></p>
<p>&nbsp;</p>
<div class="insert-page insert-page-96 " data-post-id="96">
<div class="art-postcontent clearfix">
<div class="art-postcontent clearfix">
<div class="art-postcontent clearfix">
<div class="art-postcontent clearfix">
<h2>Tagungsmanagement / Content Management:</h2>
<p><img decoding="async" class="lazy-loaded" src="https://www.railway-network.eu/fileserver/personenfotos/ifv-tagungsmanagement600px.png" data-lazy-type="image" data-src="https://www.railway-network.eu/fileserver/personenfotos/ifv-tagungsmanagement600px.png" /></p>
<p><strong>Frau</strong> <strong>J. HEYER</strong></p>
<p>* Geprüfte Veranstaltungsfachwirtin / Bachelor Professional of Event Organisation, CCI</p>
<p>* Geschäftsbereichsleiterin für Tagungen &amp; Events (Head of Event-Management)</p>
<p>* Projektmanagerin für Digitale Events (seit 06/2020)</p>
<p>* Hygienebeauftragte für die Veranstaltungswirtschaft (seit 05/2021)</p>
<p>* Kooperationsmanagement IFV Beratung und Service GmbH – Bahntechnik-Netzwerk.de sowie Technik-Netzwerk.de</p>
<p>* Zuständig für <strong><em>Veranstaltungsorganisation, </em></strong><em><strong>Teilnehmer, Lieferanten, Dienstleister, Sponsoren und Aussteller </strong></em></p>
<p>* Telefon: <strong>030 39720172</strong></p>
<p>* E-Mail: <a href="mailto:tagung@ifv-bahntechnik.de">tagung@ifv-bahntechnik.de</a></p>
<p>&nbsp;</p>
</div>
</div>
</div>
</div>
</div>
<p>&nbsp;</p>
</div>
</div>
<p style="text-align: right;"><span style="color: #ffffff;">.</span></p>
<hr />
<p>&nbsp;</p>
<p>&nbsp;</p>
</div>
<p>.</p>

<p>. . . &nbsp; . Ansprechpartner / Kontakt &gt;&gt;&gt; LIEFERANTEN-LISTE.de . &nbsp; Geschäftsführer / Vereinsgeschäftsführer: Diplom-Volkswirt E. SCHULZ  * Vereinsgeschäftsführer / CEO * Interdisziplinärer Forschungsverbund Bahntechnik e.V. * Kompetenznetz-Manager sowie Arbeitskreis-Koordinator * Zuständig für &gt;&gt;&gt; Allgemeine Anfragen zum Bahntechnik-Netzwerk &amp; Inhaltliche Koordination (insbesondere von Arbeitskreisen, Thinktanks sowie von Forschungsprojekten) * Herausgeber der Schriftenreihe BAHNTECHNIK AKTUELL * [&hellip;]</p>
